, q*u + 35 = 5*z - u. What is the units digit of 2/(0 + z/7)?
7
Suppose 0 = 3*z + 5 + 1. What is the units digit of ((-5)/z)/((-6)/(-12))?
5
Suppose -z + 2 + 0 = 0. Let n(c) = 18*c. Let v be n(z). Suppose 1 - v = -5*d. What is the units digit of d?
7
Let i = 12 - 24. Let k = i + 20. What is the units digit of k?
8
Let u be 10/65 + 466/13. Suppose -t = t - u. What is the tens digit of t?
1
Let s = 144 - 80. What is the tens digit of s?
6
Let t(j) = 9*j - 5. What is the units digit of t(4)?
1
Suppose 2*r = 136 + 82. Let i = -56 + r. What is the units digit of i?
3
Let u(s) = 7*s - 11. What is the units digit of u(6)?
1
Let c = -62 - -87. What is the units digit of c?
5
Let k be 124/5 + 2/10. Let b = k + -4. What is the units digit of b?
1
Suppose 2*w + 5*m - 332 = -0*w, 3*w + m - 524 = 0. What is the units digit of w?
6
Suppose 0 = 2*a + 2*a + 12. What is the units digit of a - (-1 + -1 + -27)?
6
Suppose 0 = 6*r - 4*r - 28. What is the tens digit of r - 1 - (-6 - -9)?
1
Suppose 30 = 5*r + 3*c + 2*c, 2*c = -5*r + 18. Suppose -r - 2 = v, -64 = -4*d + 2*v. What is the units digit of d?
4
Let u = 147 + 0. What is the hundreds digit of u?
1
Suppose -b = 3*c - 2, 3*b + b - 3*c - 23 = 0. Suppose 13 = 4*x + b*j, 2 - 4 = x - 4*j. What is the units digit of x*(6 + 1 + -2)?
0
Let u = -41 + 276. What is the tens digit of u?
3
Let y(x) = -x**3 + 10*x**2 + x - 1. Let h be y(10). What is the units digit of (-2)/h - 166/(-18)?
9
Let t(x) = 4*x**2 + 17*x + 15. What is the tens digit of t(-6)?
5
Let h be (14/(-4))/(1/2). Let r = 12 + h. Suppose -3*o + 2*a = r*a - 3, -2*o + a + 2 = 0. What is the units digit of o?
1
Suppose 105 = 4*a - 195. Suppose -a = -4*k + k. Suppose 2*q - 2*j - k = j, 4*j + 73 = 5*q. What is the units digit of q?
7
Let v(a) = 3*a - 1. Let p be v(1). Suppose 4*z = 5*z - 2. Suppose p*g - z - 12 = 0. What is the units digit of g?
7
Let u = 136 + -84. What is the units digit of u?
2
Let a = -127 + 243. What is the hundreds digit of a?
1
Let n be (-4)/((-2)/20 + 0). Let o = n + -22. Let h = o + -13. What is the units digit of h?
5
Suppose -2*d - 2*d + 88 = 0. What is the tens digit of d?
2
Suppose 12*p = 4*p + 264. What is the units digit of p?
3
Suppose -3*w + 814 = 4*b, -2*w + 4*b + 516 = -0*w. What is the hundreds digit of w?
2
What is the tens digit of (-4)/(-1) + (11 - -15)?
3
Suppose 4*b + 4*n + n = 2, -2*b - 8 = -2*n. Let k be b/(-4) + 108/8. Let y = -7 + k. What is the units digit of y?
7
Suppose -4*o - 4 = -6*o. Suppose -3 = -x - 4*m + 2*m, -4*m - 14 = -o*x. Suppose 3*a + 17 = p - 0*a, -a = x. What is the units digit of p?
2
Let z(c) be the first derivative of -c**4/4 + 5*c**3/3 - 5*c - 1. What is the tens digit of z(4)?
1
Suppose b = 4*m + 160, -8*m - 2 = -6*m. What is the hundreds digit of b?
1
Let q(l) = -4*l - 9. Let r = -8 + 2. Let w be q(r). Suppose 5*i = -c - w, -2*i - 21 + 3 = -2*c. What is the units digit of c?
5
Let b(f) = -2*f - 9. Let z be b(-6). Suppose 2*d = -3*c + 20, c - 5*d - z + 19 = 0. What is the units digit of c?
4
Let b(z) = -z + 3. Let g be b(7). Let v = 20 - g. Suppose -5*m + m = -v. What is the units digit of m?
6
Suppose 0 = -5*h - 5*o + 105, 0*o = 2*h - o - 30. Let f = -5 + h. What is the units digit of f?
2
What is the units digit of (-1 - 11)/((-6)/8)?
6
Suppose -2*n = 5 + 5. Let f(c) = 0 - 4 + 0*c - c. What is the units digit of f(n)?
1
Let h(v) = -6*v. Let k be h(3). Let m = -9 - k. What is the units digit of m?
9
Let t be (-2)/(-6) + 16/6. Suppose -2*a - 3*w = -22, 2*a - w - 9 = -t. What is the units digit of a?
5
Let c = 99 - 65. What is the tens digit of c?
3
Let u = -8 + 12. Suppose 22 = u*y + 2. Suppose -y*q + 53 = -2*c, -5*q + 33 = -0*c + 3*c. What is the units digit of q?
9
Let d(v) = 2 - v + 3 - 1. What is the tens digit of d(-6)?
1
Suppose -2*h - 4 = -4*h + 4*x, -5*x + 8 = 4*h. Suppose -5*n = 5*r - 45, -h*n - 4*r + 8 = -10. What is the units digit of n?
9
Let u(j) be the second derivative of 9*j**5/20 + 3*j. Suppose -2*r - 1 + 3 = 0. What is the units digit of u(r)?
9
Let g(x) = -x + 11. Let v be g(0). What is the units digit of (-12)/(-10)*(v - 1)?
2
Suppose -3*t - 4 = -5*t. What is the units digit of t?
2
Let n(y) = y**2 + y**3 + 3 + 1 + 3*y**2 - y**2. What is the units digit of n(-3)?
4
Let c be (1 + -2)/((-1)/(-5)). What is the units digit of (c + 3)/((-2)/4)?
4
Let s(t) = -2*t**2 - 9. Let r be s(8). Let f = -93 - r. What is the tens digit of f?
4
Suppose 0 = 4*i - 12. Suppose -4*j + 21 = -i. What is the units digit of j?
6
Suppose -2*v = -2*g + 56, -138 = -5*g + 2*v + 2*v. What is the units digit of g?
6
Suppose 2*o - 3 = 3. Suppose -2*v + 5*p + 22 = 0, 5*v - 2*p - 82 = -o*p. What is the tens digit of v?
1
Suppose -3*l + 3*v = -5*l + 106, -v + 202 = 4*l. What is the tens digit of l?
5
Let g = 5 - 1. Suppose -i = 4*i - 3*b - 44, -g = -i - b. What is the units digit of i?
7
Suppose 0 = j + u - 6, -4*j = -2*j + u - 11. Let b = 8 - 4. Let s = j + b. What is the units digit of s?
9
Suppose 0 = j - 4*j + 48. Suppose -4*u + 18 = c, c - j = 3*c - 5*u. Suppose g - 8 = 2*k, -c*k + k = 4*g - 5. What is the units digit of g?
2
Let f(a) = 18*a**2 - a. What is the tens digit of f(-1)?
1
Let m be (94/8)/((-6)/(-24)). Let a = m - 28. What is the units digit of a?
9
Let l = 105 + 13. What is the units digit of l?
8
Suppose 2*c - 5*l = 4*c + 2, 3*l - 14 = -5*c. Let g = c + -6. What is the units digit of 3/g*(-4)/6?
1
Suppose 0 = -d - 0*d. Suppose d*w = w - 10. What is the tens digit of w?
1
Let h(k) = 2*k + 9. Let v be h(-7). What is the tens digit of (84/10)/((-2)/v)?
2
Suppose 2 = -3*a + 8. Let x be 5/2 - 1/2. What is the units digit of 0 + (x - a) + 17?
7
Suppose 0 = -2*k + 2 + 2. Suppose -q = 2*a - a - 7, -k*a - q = -13. Suppose 0*o = -5*c - o + 87, a = 3*o. What is the units digit of c?
7
Let v(m) = m**3 + 7*m**2 + 7*m + 9. What is the tens digit of v(-5)?
2
What is the units digit of (135/6)/((-4)/(-64))?
0
Suppose -4*i + 27 = -i. Suppose 0 = 3*s - k - 34 + 5, s = 5*k - i. What is the units digit of s?
1
Let z(p) = p**3 - 6*p - 6. What is the tens digit of z(5)?
8
Suppose -2*l - 2 = -0. What is the units digit of (l - 21)/((-4)/6)?
3
Let z(c) = c + 7. Let j(g) = 2*g + 14. Let l(n) = -2*j(n) + 5*z(n). What is the units digit of l(7)?
4
Let o(k) = k**2 - k + 6. Let u be o(6). Suppose 4*z - u = z. Suppose -z + 4 = -m. What is the units digit of m?
8
Let b(y) = y + 1. Let m be b(3). Let f = 5 + -2. Suppose f*d = -m*g + 23, 2*d - 14 = -0*d - 2*g. What is the units digit of d?
5
Let x(m) = -33*m + 20. What is the tens digit of x(-2)?
8
Let c(u) = u**2 - u - 3. What is the units digit of c(3)?
3
Suppose 5*l - 96 = u, l + 96 = 5*l + 4*u. Suppose -3*i = i + l. What is the units digit of (3 + i)/(2/(-8))?
8
Let p(b) = -7*b + 1. Let m be p(-1). Let c = m + -5. What is the units digit of c?
3
Let l(i) = -i**3 + 10*i**2 + 11*i + 4. Let w be l(11). Suppose 0 = -0*d + w*d - 16. What is the units digit of d?
4
Suppose -2*n = -3*b + 229, 70 = 2*b - 4*n - 72. What is the tens digit of b?
7
Let w(r) = -r**3 - 3*r**2 + r - 3. What is the units digit of w(-4)?
9
Let n(h) = 2*h + 3. Let v be n(-12). What is the units digit of -7*(69/v - 1)?
0
Let j = 17 - -9. What is the units digit of j?
6
Suppose -6 - 22 = -4*j. What is the units digit of j?
7
Let z(a) = 3*a**2 + 2*a**2 + 4 - 5 - a**3. Let u be z(5). What is the units digit of (u/(-3))/((-7)/(-105))?
5
Let r be 2/7 - 684/42. Let d = r + 36. What is the units digit of d?
0
Let s = 3 + 0. What is the units digit of s?
3
Let k(c) = 2*c**2 - c + 4. Let r be k(0). Suppose r*p + 0*d - 111 = -d, -5*p + 4*d + 165 = 0. What is the tens digit of p?
2
Let n = 11 - 5. Let w = 7 + -11. What is the units digit of n/4 + w/8?
1
Let g(t) = -t**2 + 3*t + 1. Let p be g(2). Suppose 0 = -p*b - 66. What is the tens digit of (b/(4/2))/(-1)?
1
Suppose 2*s = 131 - 23. What is the tens digit of s?
5
Suppose 1074 = 4*a - 3*v, v - 8 = -3*v. What is the units digit of a?
0
Let y be (228/(-36))/(2/(-6)). Suppose -r - 10 = -3*s - 3, 5*r = -3*s + y. What is the units digit of s?
3
Suppose 0 = 3*v - 40 - 35. What is the tens digit of v?
2
Let g(r) = 11*r - 40. What is the tens digit of g(10)?
7
Let j(w) = -w**2 - 5*w + 5. Suppose -k + 2*o - 4 = 0, -k + 5*o - 16 = -0*k. Let s be (-1 + 3)*(-10)/k. What is